{"id":610,"date":"2018-08-13T22:53:07","date_gmt":"2018-08-13T20:53:07","guid":{"rendered":"http:\/\/pierrotquartett.com\/?page_id=610"},"modified":"2023-10-16T15:17:03","modified_gmt":"2023-10-16T13:17:03","slug":"hanna-koelbel-violoncello","status":"publish","type":"page","link":"https:\/\/pierrotquartett.com\/?page_id=610","title":{"rendered":"Hanna K\u00f6lbel, Violoncello"},"content":{"rendered":"<p>Cellistin<br \/>\nInterpret-Komponistin<br \/>\nKuratorin<br \/>\n\u201cMein bevorzugtes Spielfeld ist das Ensemble neu geschaffener Musik, der Interpretation und Performance davon, sowie der Inszenierung und dem Kuratieren des Ganzen. Ich interessiere mich f\u00fcr die Theatralit\u00e4t der Musik. Einen Klang zu inszenieren, ihn mit allen Sinnen zu erfassen, sich mit der Musik in dem Moment zu konfrontieren, in dem sie erklingt und vom Publikum geh\u00f6rt wird, das finde ich spannend.\u201d<\/p>\n<p>Hanna K\u00f6lbel, in T\u00fcbingen geboren, ist eine Musikerin mit barockem und modernem Cello, sowie eine Performerin und Klangerforscherin elektronischer Musik.<br \/>\nSie hat an der Musikhochschule Stuttgart bei Prof. Conradin Brotbek den k\u00fcnstlerischen und p\u00e4dagogischen Bachelor 2013 und Master f\u00fcr Neue Musik 2015 mit Auszeichnung abgeschlossen. 2017 graduiert sie im \u201eAdvanced Master in contemporary music\u201c in Gent, Belgien, mit der Abschlussarbeit \u201eecosystems of co-creation\u201c.<br \/>\n2017 erh\u00e4lt sie ein Stipendium der Kunststiftung Baden W\u00fcrttemberg.<\/p>\n<p>Sie lebt in L\u00fcttich, Belgien, und spielt regelm\u00e4\u00dfig als Gastmusikerin in neuen Kreationen und interdisziplin\u00e4ren Kooperationen mit ICTUS-Ensemble (&#8222;Sound and Body&#8220;, 2023) und LOD muziektheater (&#8222;Woman at point zero&#8220;, 2022-2024).<\/p>\n<p><span style=\"font-size: 12pt; font-family: helvetica, arial, sans-serif;\">\u00a0<\/span><\/p>\n","protected":false},"excerpt":{"rendered":"<p>Cellistin Interpret-Komponistin Kuratorin \u201cMein bevorzugtes Spielfeld ist das Ensemble neu geschaffener Musik, der Interpretation und Performance davon, sowie der Inszenierung und dem Kuratieren des Ganzen. Ich interessiere mich f\u00fcr die Theatralit\u00e4t der Musik. Einen Klang zu inszenieren, ihn mit allen &hellip; <a href=\"https:\/\/pierrotquartett.com\/?page_id=610\">Weiterlesen <span class=\"meta-nav\">&rarr;<\/span><\/a><\/p>\n","protected":false},"author":1,"featured_media":0,"parent":536,"menu_order":4,"comment_status":"closed","ping_status":"closed","template":"","meta":{"footnotes":""},"_links":{"self":[{"href":"https:\/\/pierrotquartett.com\/index.php?rest_route=\/wp\/v2\/pages\/610"}],"collection":[{"href":"https:\/\/pierrotquartett.com\/index.php?rest_route=\/wp\/v2\/pages"}],"about":[{"href":"https:\/\/pierrotquartett.com\/index.php?rest_route=\/wp\/v2\/types\/page"}],"author":[{"embeddable":true,"href":"https:\/\/pierrotquartett.com\/index.php?rest_route=\/wp\/v2\/users\/1"}],"replies":[{"embeddable":true,"href":"https:\/\/pierrotquartett.com\/index.php?rest_route=%2Fwp%2Fv2%2Fcomments&post=610"}],"version-history":[{"count":15,"href":"https:\/\/pierrotquartett.com\/index.php?rest_route=\/wp\/v2\/pages\/610\/revisions"}],"predecessor-version":[{"id":899,"href":"https:\/\/pierrotquartett.com\/index.php?rest_route=\/wp\/v2\/pages\/610\/revisions\/899"}],"up":[{"embeddable":true,"href":"https:\/\/pierrotquartett.com\/index.php?rest_route=\/wp\/v2\/pages\/536"}],"wp:attachment":[{"href":"https:\/\/pierrotquartett.com\/index.php?rest_route=%2Fwp%2Fv2%2Fmedia&parent=610"}],"curies":[{"name":"wp","href":"https:\/\/api.w.org\/{rel}","templated":true}]}}